{"id":9,"date":"2023-06-26T16:21:49","date_gmt":"2023-06-26T16:21:49","guid":{"rendered":"https:\/\/juvenise.pl\/?page_id=9"},"modified":"2024-07-17T20:21:50","modified_gmt":"2024-07-17T20:21:50","slug":"strona-glowna","status":"publish","type":"page","link":"https:\/\/juvenise.pl\/","title":{"rendered":"Witaj w Salonie Kosmetycznym Juvenise!"},"content":{"rendered":"\n<p>Cieszymy si\u0119, \u017ce odwiedzi\u0142e\u015b nasz\u0105 stron\u0119 internetow\u0105! Juvenise to miejsce, gdzie dbamy o Twoje pi\u0119kno i samopoczucie. Nasz do\u015bwiadczony zesp\u00f3\u0142 kosmetolog\u00f3w i specjalist\u00f3w od urody jest got\u00f3w dostarczy\u0107 Ci najwy\u017cszej jako\u015bci us\u0142ug kosmetycznych. Przekonaj si\u0119, dlaczego Juvenise to najlepszy wyb\u00f3r dla Twojej piel\u0119gnacji i relaksu.<\/p>\n\n\n\n<div class=\"wp-block-media-text alignwide is-stacked-on-mobile\"><figure class=\"wp-block-media-text__media\"><img decoding=\"async\" loading=\"lazy\" width=\"939\" height=\"1024\" src=\"https:\/\/juvenise.pl\/wp-content\/uploads\/2023\/10\/2-939x1024.jpg\" alt=\"\" class=\"wp-image-52 size-full\" srcset=\"https:\/\/juvenise.pl\/wp-content\/uploads\/2023\/10\/2-939x1024.jpg 939w, https:\/\/juvenise.pl\/wp-content\/uploads\/2023\/10\/2-275x300.jpg 275w, https:\/\/juvenise.pl\/wp-content\/uploads\/2023\/10\/2-768x838.jpg 768w, https:\/\/juvenise.pl\/wp-content\/uploads\/2023\/10\/2.jpg 1124w\" sizes=\"(max-width: 939px) 100vw, 939px\" \/><\/figure><div class=\"wp-block-media-text__content\">\n<p><strong>Nasze Us\u0142ugi<\/strong><\/p>\n\n\n\n<p>Zapraszamy do zapoznania si\u0119 z naszymi us\u0142ugami dost\u0119pnymi r\u00f3wnie\u017c na Booksy. Oferujemy szeroki wyb\u00f3r zabieg\u00f3w, kt\u00f3re pomog\u0105 Ci poczu\u0107 si\u0119 pi\u0119knie od g\u0142owy do st\u00f3p. Niezale\u017cnie od tego, czy potrzebujesz , profesjonalnego manicure czy zaawansowanych zabieg\u00f3w na twarz, mamy dla Ciebie co\u015b specjalnego.<br><a href=\"https:\/\/booksy.com\/pl-pl\/202648_juvenise_salon-kosmetyczny_3_warszawa#ba_s=sr_1\">Odwied\u017a nasz\u0105 stron\u0119 na Booksy<\/a><\/p>\n<\/div><\/div>\n\n\n\n<div class=\"wp-block-media-text alignwide has-media-on-the-right is-stacked-on-mobile is-vertically-aligned-center has-background\" style=\"background-color:#c2a57f\"><div class=\"wp-block-media-text__content\">\n<div class=\"wp-block-group has-background is-layout-flow\" style=\"background-color:#c2a57f;padding-top:2em;padding-right:2em;padding-bottom:2em;padding-left:2em\"><div class=\"wp-block-group__inner-container\">\n<p class=\"has-black-color has-text-color\" style=\"font-size:36px;line-height:1.2\">Zabiegi Na Twarz<\/p>\n\n\n\n<p class=\"has-background has-extra-small-font-size\" style=\"background-color:#c2a57f\"><\/p>\n<\/div><\/div>\n<\/div><figure class=\"wp-block-media-text__media\"><img decoding=\"async\" loading=\"lazy\" width=\"683\" height=\"1024\" src=\"https:\/\/juvenise.pl\/wp-content\/uploads\/2023\/10\/pexels-arina-krasnikova-6663571-683x1024.jpg\" alt=\"\" class=\"wp-image-59 size-full\" srcset=\"https:\/\/juvenise.pl\/wp-content\/uploads\/2023\/10\/pexels-arina-krasnikova-6663571-683x1024.jpg 683w, https:\/\/juvenise.pl\/wp-content\/uploads\/2023\/10\/pexels-arina-krasnikova-6663571-200x300.jpg 200w, https:\/\/juvenise.pl\/wp-content\/uploads\/2023\/10\/pexels-arina-krasnikova-6663571-768x1151.jpg 768w, https:\/\/juvenise.pl\/wp-content\/uploads\/2023\/10\/pexels-arina-krasnikova-6663571-1025x1536.jpg 1025w, https:\/\/juvenise.pl\/wp-content\/uploads\/2023\/10\/pexels-arina-krasnikova-6663571-1367x2048.jpg 1367w, https:\/\/juvenise.pl\/wp-content\/uploads\/2023\/10\/pexels-arina-krasnikova-6663571-scaled.jpg 1709w\" sizes=\"(max-width: 683px) 100vw, 683px\" \/><\/figure><\/div>\n\n\n\n<div class=\"wp-block-media-text alignwide is-stacked-on-mobile is-vertically-aligned-center has-background\" style=\"background-color:#dfd1bd\"><figure class=\"wp-block-media-text__media\"><img decoding=\"async\" loading=\"lazy\" width=\"945\" height=\"1024\" src=\"https:\/\/juvenise.pl\/wp-content\/uploads\/2023\/10\/stopki1-945x1024.jpg\" alt=\"\" class=\"wp-image-58 size-full\" srcset=\"https:\/\/juvenise.pl\/wp-content\/uploads\/2023\/10\/stopki1-945x1024.jpg 945w, https:\/\/juvenise.pl\/wp-content\/uploads\/2023\/10\/stopki1-277x300.jpg 277w, https:\/\/juvenise.pl\/wp-content\/uploads\/2023\/10\/stopki1-768x832.jpg 768w, https:\/\/juvenise.pl\/wp-content\/uploads\/2023\/10\/stopki1.jpg 1104w\" sizes=\"(max-width: 945px) 100vw, 945px\" \/><\/figure><div class=\"wp-block-media-text__content\">\n<div class=\"wp-block-group is-layout-flow\" style=\"padding-top:2em;padding-right:2em;padding-bottom:2em;padding-left:2em\"><div class=\"wp-block-group__inner-container\">\n<p style=\"font-size:36px;line-height:1.2\">Manicure i Pedicure<\/p>\n\n\n\n<p class=\"has-extra-small-font-size\"><\/p>\n<\/div><\/div>\n<\/div><\/div>\n\n\n\n<div class=\"wp-block-group alignfull has-text-color has-background is-layout-flow\" style=\"color:#000000;background-color:#ffffff\"><div class=\"wp-block-group__inner-container\">\n<div style=\"height:64px\" aria-hidden=\"true\" class=\"wp-block-spacer\"><\/div>\n\n\n\n<p class=\"has-text-align-center has-small-font-size\" style=\"line-height:.9\"><strong>Skontaktuj si\u0119<\/strong><\/p>\n\n\n\n<h2 class=\"wp-block-heading has-text-align-center\" id=\"schedule-a-visit\" style=\"font-size:59px;line-height:1.15\"><strong><a href=\"https:\/\/booksy.com\/pl-pl\/202648_juvenise_salon-kosmetyczny_3_warszawa#ba_s=sr_1\" data-type=\"URL\" data-id=\"https:\/\/booksy.com\/pl-pl\/202648_juvenise_salon-kosmetyczny_3_warszawa#ba_s=sr_1\">Zaplanuj wizyt\u0119<\/a><\/strong><\/h2>\n\n\n\n<div class=\"wp-block-buttons is-horizontal is-content-justification-center is-layout-flex wp-container-3\">\n<div class=\"wp-block-button has-custom-width wp-block-button__width-50\"><a class=\"wp-block-button__link has-text-color has-background wp-element-button\" style=\"border-radius:50px;color:#ffffff;background-color:#000000\">Skontaktuj si\u0119 z nami<\/a><\/div>\n<\/div>\n\n\n\n<div style=\"height:64px\" aria-hidden=\"true\" class=\"wp-block-spacer\"><\/div>\n\n\n<div id=\"wpgmza_map\" class=\"wpgmza_map\" data-settings='{\"id\":\"1\",\"map_title\":\"coopera 12f\",\"map_width\":\"100\",\"map_height\":\"400\",\"map_start_lat\":\"52.239297638733404\",\"map_start_lng\":\"20.895283540524087\",\"map_start_location\":\"45.950464398418106,-109.81550500000003\",\"map_start_zoom\":\"16\",\"default_marker\":\"\",\"type\":\"0\",\"alignment\":\"4\",\"directions_enabled\":\"0\",\"styling_enabled\":\"0\",\"styling_json\":\"\",\"active\":\"0\",\"kml\":\"\",\"bicycle\":\"0\",\"traffic\":\"0\",\"dbox\":\"0\",\"dbox_width\":\"\",\"listmarkers\":\"0\",\"listmarkers_advanced\":\"0\",\"filterbycat\":\"0\",\"ugm_enabled\":\"0\",\"ugm_category_enabled\":\"0\",\"fusion\":\"\",\"map_width_type\":\"%\",\"map_height_type\":\"px\",\"mass_marker_support\":\"0\",\"ugm_access\":\"0\",\"order_markers_by\":\"0\",\"order_markers_choice\":\"0\",\"show_user_location\":\"0\",\"default_to\":\"\",\"other_settings\":{\"map_type\":1,\"sl_stroke_color\":\"\",\"sl_fill_color\":\"\",\"sl_stroke_opacity\":\"\",\"sl_fill_opacity\":\"\",\"transport_layer\":false,\"action\":\"wpgmza_save_map\",\"redirect_to\":\"\\\/wp-admin\\\/admin-post.php\",\"map_id\":\"1\",\"http_referer\":\"\\\/wp-admin\\\/admin.php?page=wp-google-maps-menu&amp;amp;action=edit&amp;amp;map_id=1\",\"wpgmza_id\":\"1\",\"wpgmza_start_location\":\"52.239297638733404,20.895283540524087\",\"wpgmza_start_zoom\":\"16\",\"store_locator_enabled\":false,\"store_locator_search_area\":\"radial\",\"wpgmza_store_locator_radius_style\":\"legacy\",\"wpgmza_store_locator_default_radius\":\"10\",\"store_locator_auto_area_max_zoom\":\"\",\"store_locator_distance\":false,\"wpgmza_store_locator_position\":false,\"store_locator_show_distance\":false,\"store_locator_category\":false,\"wpgmza_store_locator_use_their_location\":false,\"wpgmza_store_locator_bounce\":false,\"wpgmza_sl_animation\":null,\"wpgmza_store_locator_hide_before_search\":false,\"store_locator_query_string\":\"\",\"store_locator_location_placeholder\":\"\",\"store_locator_default_address\":\"\",\"store_locator_name_search\":false,\"store_locator_name_string\":\"\",\"store_locator_not_found_message\":\"\",\"wpgmza_map_align\":\"1\",\"jump_to_nearest_marker_on_initialization\":false,\"automatically_pan_to_users_location\":false,\"override_users_location_zoom_level\":false,\"override_users_location_zoom_levels\":\"\",\"show_distance_from_location\":false,\"map_max_zoom\":\"21\",\"map_min_zoom\":\"0\",\"click_open_link\":false,\"fit_maps_bounds_to_markers\":false,\"fit_maps_bounds_to_markers_after_filtering\":false,\"hide_point_of_interest\":false,\"wpgmza_zoom_on_marker_click\":false,\"wpgmza_zoom_on_marker_click_slider\":\"\",\"close_infowindow_on_map_click\":false,\"disable_lightbox_images\":false,\"use_Raw_Jpeg_Coordinates\":false,\"disable_polygon_info_windows\":false,\"enable_marker_ratings\":false,\"enable_marker_labels\":false,\"only_load_markers_within_viewport\":false,\"zoom_level_mobile_override_enabled\":false,\"zoom_level_mobile_override\":\"\",\"iw_primary_color\":\"#000000\",\"iw_accent_color\":\"#000000\",\"iw_text_color\":\"#000000\",\"wpgmza_listmarkers_by\":\"0\",\"wpgmza_marker_listing_position\":false,\"zoom_level_on_marker_listing_override\":false,\"zoom_level_on_marker_listing_click\":\"\",\"marker_listing_disable_zoom\":false,\"datatable_no_result_message\":\"\",\"remove_search_box_datables\":false,\"dataTable_pagination_style\":null,\"datatable_search_string\":\"\",\"datatable_result_start\":\"\",\"datatable_result_of\":\"\",\"datatable_result_to\":\"\",\"datatable_result_total\":\"\",\"datatable_result_show\":\"\",\"datatable_result_entries\":\"\",\"wpgmza_savemap\":\"Zapisz map\\u0119 \\u00bb\"}}' data-map-id='1' Data-maps-engine='open-layers' data-shortcode-attributes='{\"id\":\"1\"}' style=\"display:block; overflow:auto; width:100%; height:400px; float:left;\"><\/div>\n<\/div><\/div>\n","protected":false},"excerpt":{"rendered":"<p>Cieszymy si\u0119, \u017ce odwiedzi\u0142e\u015b nasz\u0105 stron\u0119 internetow\u0105! Juvenise to miejsce, gdzie dbamy o Twoje pi\u0119kno i samopoczucie. Nasz do\u015bwiadczony zesp\u00f3\u0142<\/p>\n<p><a href=\"https:\/\/juvenise.pl\/\" class=\"more-link\">Continue reading<span class=\"screen-reader-text\">Witaj w Salonie Kosmetycznym Juvenise!<\/span><\/a><\/p>\n","protected":false},"author":1,"featured_media":0,"parent":0,"menu_order":0,"comment_status":"closed","ping_status":"closed","template":"","meta":{"om_disable_all_campaigns":false,"_monsterinsights_skip_tracking":false,"_monsterinsights_sitenote_active":false,"_monsterinsights_sitenote_note":"","_monsterinsights_sitenote_category":0},"aioseo_notices":[],"_links":{"self":[{"href":"https:\/\/juvenise.pl\/index.php\/wp-json\/wp\/v2\/pages\/9"}],"collection":[{"href":"https:\/\/juvenise.pl\/index.php\/wp-json\/wp\/v2\/pages"}],"about":[{"href":"https:\/\/juvenise.pl\/index.php\/wp-json\/wp\/v2\/types\/page"}],"author":[{"embeddable":true,"href":"https:\/\/juvenise.pl\/index.php\/wp-json\/wp\/v2\/users\/1"}],"replies":[{"embeddable":true,"href":"https:\/\/juvenise.pl\/index.php\/wp-json\/wp\/v2\/comments?post=9"}],"version-history":[{"count":14,"href":"https:\/\/juvenise.pl\/index.php\/wp-json\/wp\/v2\/pages\/9\/revisions"}],"predecessor-version":[{"id":282,"href":"https:\/\/juvenise.pl\/index.php\/wp-json\/wp\/v2\/pages\/9\/revisions\/282"}],"wp:attachment":[{"href":"https:\/\/juvenise.pl\/index.php\/wp-json\/wp\/v2\/media?parent=9"}],"curies":[{"name":"wp","href":"https:\/\/api.w.org\/{rel}","templated":true}]}}