{"id":204,"date":"2024-07-12T22:10:36","date_gmt":"2024-07-12T22:10:36","guid":{"rendered":"https:\/\/juvenise.pl\/?page_id=204"},"modified":"2024-07-12T22:49:12","modified_gmt":"2024-07-12T22:49:12","slug":"masaz-ujedrniajaco-modelujacy","status":"publish","type":"page","link":"https:\/\/juvenise.pl\/index.php\/masaz-ujedrniajaco-modelujacy\/","title":{"rendered":"Masa\u017c uj\u0119drniaj\u0105co-modeluj\u0105cy"},"content":{"rendered":"\n<div class=\"wp-block-media-text alignwide has-media-on-the-right is-stacked-on-mobile\"><div class=\"wp-block-media-text__content\">\n<p>Intensywne ruchy manualne prowadz\u0105ce do zaczerwienienia, lekkiego przekrwienia sk\u00f3ry, zwi\u0119kszaj\u0105 j\u0119drno\u015b\u0107 i uelastyczniaj\u0105 tkank\u0119. Stymuluje kr\u0105\u017cenie krwi i limfy, usuwaj\u0105c toksyny oraz nadmiar p\u0142yn\u00f3w z organizmu i poprawiaj\u0105c wygl\u0105d sk\u00f3ry. Techniki masa\u017cu, tj. rozcieranie, ugniatanie,\u00a0 rolowanie, wa\u0142kowanie, czy wyciskanie, wp\u0142ywaj\u0105 na struktur\u0119 sk\u00f3ry, redukuj\u0105c cellulit, modeluj\u0105c sylwetk\u0119 i dzia\u0142aj\u0105c wyszczuplaj\u0105co. Zalecany dla os\u00f3b ze s\u0142abszymi naczyniami krwiono\u015bnymi, tendencj\u0105 do p\u0119kaj\u0105cych naczynek<\/p>\n\n\n\n<p class=\"has-text-align-center\"><a href=\"http:\/\/juvenise.booksy.com\/\">Um\u00f3w zabieg ju\u017c dzi\u015b!<\/a><\/p>\n<\/div><figure class=\"wp-block-media-text__media\"><a href=\"juvenise.booksy.com\"><img decoding=\"async\" loading=\"lazy\" width=\"1024\" height=\"683\" src=\"https:\/\/juvenise.pl\/wp-content\/uploads\/2024\/07\/masaz-1024x683.webp\" alt=\"\" class=\"wp-image-245 size-full\" srcset=\"https:\/\/juvenise.pl\/wp-content\/uploads\/2024\/07\/masaz-1024x683.webp 1024w, https:\/\/juvenise.pl\/wp-content\/uploads\/2024\/07\/masaz-300x200.webp 300w, https:\/\/juvenise.pl\/wp-content\/uploads\/2024\/07\/masaz-768x512.webp 768w, https:\/\/juvenise.pl\/wp-content\/uploads\/2024\/07\/masaz-1536x1024.webp 1536w, https:\/\/juvenise.pl\/wp-content\/uploads\/2024\/07\/masaz-2048x1366.webp 2048w, https:\/\/juvenise.pl\/wp-content\/uploads\/2024\/07\/masaz-570x380.webp 570w, https:\/\/juvenise.pl\/wp-content\/uploads\/2024\/07\/masaz-380x254.webp 380w, https:\/\/juvenise.pl\/wp-content\/uploads\/2024\/07\/masaz-285x190.webp 285w\" sizes=\"(max-width: 1024px) 100vw, 1024px\" \/><\/a><\/figure><\/div>\n\n\n\n<p><\/p>\n\n\n\n<h2 class=\"wp-block-heading\">Korzy\u015bci p\u0142yn\u0105ce z masa\u017cu uj\u0119drniaj\u0105co-modeluj\u0105cego:<br><\/h2>\n\n\n\n<h3 class=\"wp-block-heading\"><strong>Poprawa elastyczno\u015bci sk\u00f3ry<\/strong><\/h3>\n\n\n\n<p>Masa\u017c uj\u0119drniaj\u0105co-modeluj\u0105cy pomaga poprawi\u0107 elastyczno\u015b\u0107 sk\u00f3ry poprzez stymulacj\u0119 produkcji kolagenu i elastyny. Dzi\u0119ki temu sk\u00f3ra staje si\u0119 bardziej napi\u0119ta i j\u0119drna.<\/p>\n\n\n\n<h3 class=\"wp-block-heading\"><strong>Redukcja cellulitu<\/strong><\/h3>\n\n\n\n<p>Regularne sesje masa\u017cu mog\u0105 znacz\u0105co zredukowa\u0107 widoczno\u015b\u0107 cellulitu. Masa\u017c pobudza kr\u0105\u017cenie krwi i limfy, co pomaga usuwa\u0107 toksyny i nadmiar p\u0142yn\u00f3w z organizmu, zmniejszaj\u0105c w ten spos\u00f3b obrz\u0119ki i nier\u00f3wno\u015bci sk\u00f3ry.<\/p>\n\n\n\n<h3 class=\"wp-block-heading\"><strong>Modelowanie sylwetki<\/strong><\/h3>\n\n\n\n<p>Dzi\u0119ki technikom masa\u017cu, kt\u00f3re skupiaj\u0105 si\u0119 na uj\u0119drnianiu i kszta\u0142towaniu cia\u0142a, mo\u017cna poprawi\u0107 kontury sylwetki. Masa\u017c ten pomaga w redukcji miejscowych z\u0142og\u00f3w t\u0142uszczu, szczeg\u00f3lnie w problematycznych obszarach, takich jak uda, brzuch czy ramiona.<\/p>\n\n\n\n<h3 class=\"wp-block-heading\"><strong>Poprawa kr\u0105\u017cenia<\/strong><\/h3>\n\n\n\n<p>Stymulacja mi\u0119\u015bni i tkanek podczas masa\u017cu poprawia kr\u0105\u017cenie krwi, co wspomaga dostarczanie tlenu i sk\u0142adnik\u00f3w od\u017cywczych do kom\u00f3rek. Lepsze kr\u0105\u017cenie sprzyja tak\u017ce szybszej regeneracji tkanek i og\u00f3lnemu zdrowiu sk\u00f3ry.<\/p>\n\n\n\n<h3 class=\"wp-block-heading\"><strong>Detoksykacja organizmu<\/strong><\/h3>\n\n\n\n<p>Masa\u017c uj\u0119drniaj\u0105co-modeluj\u0105cy wspomaga uk\u0142ad limfatyczny, kt\u00f3ry jest kluczowy w procesie detoksykacji organizmu. Lepsze przep\u0142ywy limfy pomagaj\u0105 w usuwaniu toksyn i produkt\u00f3w przemiany materii.<\/p>\n\n\n\n<h3 class=\"wp-block-heading\"><strong>Redukcja napi\u0119cia mi\u0119\u015bniowego<\/strong><\/h3>\n\n\n\n<p>Chocia\u017c g\u0142\u00f3wnym celem masa\u017cu uj\u0119drniaj\u0105co-modeluj\u0105cego jest poprawa wygl\u0105du sk\u00f3ry i sylwetki, masa\u017c ten r\u00f3wnie\u017c pomaga zredukowa\u0107 napi\u0119cie mi\u0119\u015bniowe. Relaksacja mi\u0119\u015bni mo\u017ce przynie\u015b\u0107 ulg\u0119 w b\u00f3lach i dyskomforcie, poprawiaj\u0105c og\u00f3lne samopoczucie.<\/p>\n\n\n\n<h3 class=\"wp-block-heading\"><strong>Relaks i redukcja stresu<\/strong><\/h3>\n\n\n\n<p>Jak ka\u017cdy masa\u017c, masa\u017c uj\u0119drniaj\u0105co-modeluj\u0105cy ma r\u00f3wnie\u017c korzystny wp\u0142yw na psychik\u0119. Relaksuj\u0105ce ruchy i dotyk mog\u0105 pom\u00f3c w redukcji stresu, poprawiaj\u0105c nastr\u00f3j i og\u00f3lne samopoczucie.<\/p>\n\n\n\n<h3 class=\"wp-block-heading\"><strong>Wzrost pewno\u015bci siebie<\/strong><\/h3>\n\n\n\n<p>Poprawa wygl\u0105du sk\u00f3ry i sylwetki mo\u017ce przyczyni\u0107 si\u0119 do wzrostu pewno\u015bci siebie. Dzi\u0119ki temu, \u017ce sk\u00f3ra staje si\u0119 bardziej j\u0119drna, a sylwetka lepiej wymodelowana, wiele os\u00f3b czuje si\u0119 bardziej komfortowo w swoim ciele.<\/p>\n","protected":false},"excerpt":{"rendered":"<p>Intensywne ruchy manualne prowadz\u0105ce do zaczerwienienia, lekkiego przekrwienia sk\u00f3ry, zwi\u0119kszaj\u0105 j\u0119drno\u015b\u0107 i uelastyczniaj\u0105 tkank\u0119. Stymuluje kr\u0105\u017cenie krwi i limfy, usuwaj\u0105c<\/p>\n<p><a href=\"https:\/\/juvenise.pl\/index.php\/masaz-ujedrniajaco-modelujacy\/\" class=\"more-link\">Continue reading<span class=\"screen-reader-text\">Masa\u017c uj\u0119drniaj\u0105co-modeluj\u0105cy<\/span><\/a><\/p>\n","protected":false},"author":1,"featured_media":0,"parent":0,"menu_order":0,"comment_status":"closed","ping_status":"closed","template":"","meta":{"om_disable_all_campaigns":false,"_monsterinsights_skip_tracking":false,"_monsterinsights_sitenote_active":false,"_monsterinsights_sitenote_note":"","_monsterinsights_sitenote_category":0},"aioseo_notices":[],"_links":{"self":[{"href":"https:\/\/juvenise.pl\/index.php\/wp-json\/wp\/v2\/pages\/204"}],"collection":[{"href":"https:\/\/juvenise.pl\/index.php\/wp-json\/wp\/v2\/pages"}],"about":[{"href":"https:\/\/juvenise.pl\/index.php\/wp-json\/wp\/v2\/types\/page"}],"author":[{"embeddable":true,"href":"https:\/\/juvenise.pl\/index.php\/wp-json\/wp\/v2\/users\/1"}],"replies":[{"embeddable":true,"href":"https:\/\/juvenise.pl\/index.php\/wp-json\/wp\/v2\/comments?post=204"}],"version-history":[{"count":8,"href":"https:\/\/juvenise.pl\/index.php\/wp-json\/wp\/v2\/pages\/204\/revisions"}],"predecessor-version":[{"id":277,"href":"https:\/\/juvenise.pl\/index.php\/wp-json\/wp\/v2\/pages\/204\/revisions\/277"}],"wp:attachment":[{"href":"https:\/\/juvenise.pl\/index.php\/wp-json\/wp\/v2\/media?parent=204"}],"curies":[{"name":"wp","href":"https:\/\/api.w.org\/{rel}","templated":true}]}}